
Let z(c) = 1455*c**2 + 1015592*c + 1409. Give z(-698).
13
Let h(i) = 54*i**2 - 357*i - 1838. Determine h(10).
-8
Let p(c) = -c**3 - 482*c**2 + 199*c - 137166. Determine p(-483).
6
Let q(a) = -a**2 - 169*a - 2445. Determine q(-153).
3
Let f(t) = 5*t**3 + 411*t**2 + 94*t + 1029. What is f(-82)?
45
Let j(a) = -17*a**3 - 21*a**2 + 5*a + 128. Determine j(-5).
1703
Let h(d) = 20*d**3 - 85*d**2 + 884*d - 799. Calculate h(1).
20
Let d(f) = 2*f**3 + 11*f**2 - 82*f + 111. What is d(-10)?
31
Let o(f) = -2*f**2 + 12*f + 14. Give o(-10).
-306
Let f(h) = -6537*h - 144185. What is f(-22)?
-371
Let b(r) = -8*r**3 + 2669*r**2 + 984*r + 6013. Calculate b(334).
1
Let t(d) = d**3 - 18*d**2 + 38*d - 488. What is t(15)?
-593
Let m(x) = 48*x + 2042. Calculate m(-42).
26
Let l(c) = 6*c**2 - 9724*c - 91284. Give l(1630).
-4
Let j(g) = 8376*g - 67002. Give j(8).
6
Let p(x) = x**3 - 94*x**2 + 770*x - 71651. What is p(94)?
729
Let d(b) = -b**2 + 8*b + 527. Calculate d(31).
-186
Let i(g) = -2*g**2 - 467*g - 8075. What is i(-19)?
76
Let u(b) = 2*b**3 + 48*b**2 + 124*b + 711. Give u(-22).
-81
Let m(a) = 47616*a + 1333313. Determine m(-28).
65
Let l(z) = 9882*z**2 - 316222*z - 68. What is l(32)?
-4
Let j(c) = -2*c**3 - 294*c**2 - 299*c - 1037. Determine j(-146).
-15
Let k(r) = -2*r**3 + 39*r**2 + 7559*r + 79. Calculate k(72).
7
Let l(d) = -d**2 + 97*d + 2880. Calculate l(-32).
-1248
Let q(b) = 3763*b - 86569. Calculate q(23).
-20
Let t(h) = 561*h**3 + 544*h**2 - 12*h + 3. Determine t(-1).
-2
Let r(g) = 764*g - 55261. Determine r(72).
-253
Let k(l) = -273*l**2 - 1576*l + 1577. Give k(1).
-272
Let a(r) = -179*r**2 + 10180*r + 10358. Calculate a(-1).
-1
Let t(d) = 1452*d + 418. Determine t(1).
1870
Let o(q) = q**2 + 7*q - 22032. What is o(145)?
8
Let i(p) = p**3 - 9*p**2 - 309*p - 269. Determine i(23).
30
Let s(v) = -2752*v + 79108. What is s(29)?
-700
Let k(h) = 2*h**3 - 270*h**2 + 288*h - 3984. What is k(134)?
-1304
Let t(v) = -17*v**2 + 4756*v - 292014. Give t(91).
5
Let j(h) = -592*h - 63348. What is j(-107)?
-4
Let b(h) = h**3 + 977*h**2 - 2009*h - 49929. Calculate b(-979).
0
Let l(m) = -m**3 - 9*m**2 + 1538*m + 15312. What is l(-10)?
32
Let a(q) = q**2 - 2241*q - 68083. Give a(-30).
47
Let f(g) = -g**3 - 8*g**2 + 24*g + 1095. Calculate f(0).
1095
Let a(w) = 5108*w - 715116. Determine a(140).
4
Let j(f) = -f**3 + 30*f**2 - 298*f + 944. Determine j(11).
-35
Let j(u) = 266*u**2 - 6713*u + 7883. Give j(24).
-13
Let s(i) = -i**3 - 23*i**2 - 138*i + 186. Give s(-13).
290
Let w(d) = 9*d**2 + 232*d - 52. Calculate w(-36).
3260
Let w(h) = -1270*h + 5617. Calculate w(4).
537
Let r(a) = 1148*a + 66588. Determine r(-58).
4
Let h(g) = 4*g**2 + 148*g + 420. What is h(-3)?
12
Let r(c) = -c**3 + 358*c**2 - 1045*c - 7095. Calculate r(355).
5
Let i(j) = -191*j**2 + 4379*j + 233. Give i(23).
-89
Let n(z) = 10*z**2 - 1062*z - 3765. What is n(109)?
-713
Let i(d) = -16*d**2 + 339*d - 24. Calculate i(0).
-24
Let f(i) = -i**3 + 17*i**2 - 39*i - 111. What is f(10)?
199
Let h(t) = -2*t**2 - 104*t - 1072. Determine h(-14).
-8
Let a(y) = 134220*y - 268442. Give a(2).
-2
Let k(g) = -13*g**2 - 26*g + 612. Determine k(11).
-1247
Let d(m) = 5956*m - 202495. Determine d(34).
9
Let g(l) = -l**3 + 40*l**2 + 71*l - 721. Give g(42).
-1267
Let a(h) = 196*h + 17662. What is a(-83)?
1394
Let c(z) = z**3 - 118*z**2 + 238*z - 561. What is c(116)?
135
Let i(m) = -m**3 + 8*m**2 - 3*m - 52. Calculate i(-6).
470
Let b(r) = r**3 - 35*r**2 + 432*r - 15221. Determine b(35).
-101
Let t(v) = -v**3 + 7*v**2 + 9*v + 26. Give t(-5).
281
Let p(b) = b**3 + 17*b**2 + 135*b + 1485. What is p(-14)?
183
Let y(m) = 261*m + 99174. Calculate y(-380).
-6
Let s(i) = 6509*i - 410099. Calculate s(63).
-32
Let f(d) = 905258*d - 905256. Calculate f(1).
2
Let o(f) = 2*f**2 - 240*f - 2423. What is o(131)?
459
Let x(b) = -6*b**3 + 1486*b**2 + 498*b - 528. Determine x(248).
-32
Let s(u) = u**3 - 54*u**2 - 2875*u + 163. What is s(87)?
-185
Let v(o) = 2*o**3 + 214*o**2 + 1211*o - 99. Give v(-101).
2
Let c(p) = -p**3 + 11*p**2 - 4222*p + 25345. Calculate c(6).
193
Let n(g) = 10*g**2 - 1112*g - 7049. What is n(-6)?
-17
Let f(c) = -3664*c + 1183467. What is f(323)?
-5
Let y(i) = -45168*i + 225848. Calculate y(5).
8
Let h(o) = -o**3 + 29*o**2 - 345*o + 2027. Give h(15).
2
Let o(f) = -4*f**2 + 159*f - 31. Calculate o(44).
-779
Let l(a) = 4*a**3 + 580*a**2 + 351. Determine l(-145).
351
Let d(r) = -2*r**3 - 50*r**2 + 213*r + 139. Determine d(-28).
-1121
Let j(k) = -2550*k - 1989111. Determine j(-780).
-111
Let k(v) = -10960*v - 65749. Calculate k(-6).
11
Let z(j) = 696220*j - 11835756. What is z(17)?
-16
Let o(u) = 18*u**2 + 538*u - 65. Determine o(-30).
-5
Let n(l) = -l**3 - 3*l**2 - 236*l - 918. Give n(-4).
42
Let u(v) = 4662*v + 14910. What is u(-4)?
-3738
Let h(n) = 464*n**2 + 6030*n + 33. Calculate h(-13).
59
Let i(d) = d**3 + 48*d**2 - 305*d + 127. Calculate i(-54).
-899
Let r(z) = -6962*z - 306356. Give r(-44).
-28
Let o(l) = 18*l**3 + 201*l**2 + 278*l + 712. Determine o(-10).
32
Let q(c) = -5*c**3 + 201*c**2 + 361*c + 434. What is q(42)?
-280
Let r(l) = l**3 - 79*l**2 - 606*l - 23. Determine r(-7).
5
Let u(v) = 6705*v - 120855. Give u(18).
-165
Let k(g) = -3816*g + 3770189. Give k(988).
-19
Let a(t) = -t**3 + 16*t**2 - 64*t - 34. Determine a(11).
-133
Let k(r) = r**3 + 217*r**2 - 3960*r + 63466. Calculate k(-235).
16
Let p(t) = -2*t**2 + 653*t + 1654. What is p(329)?
9
Let f(r) = r**3 + 5*r**2 + 12611*r + 88393. Determine f(-7).
18
Let q(r) = 51*r - 8546. Give q(168).
22
Let v(k) = -3482*k - 637207. Give v(-183).
-1
Let b(s) = s**3 + 17*s**2 + 140*s + 967. What is b(-12)?
7
Let y(f) = -f**3 + 64*f**2 - 200*f - 2431. What is y(60)?
-31
Let h(c) = 656*c - 5264. Give h(7).
-672
Let h(b) = -271*b**3 + 40*b**2 - 5*b - 15. Determine h(-1).
301
Let n(u) = -20466*u + 430882. Determine n(21).
1096
Let f(y) = y**3 - 154*y**2 - 391*y - 12931. Determine f(157).
-371
Let a(g) = 1752*g + 5281. Calculate a(-3).
25
Let v(t) = 231*t - 22864. Calculate v(99).
5
Let j(g) = -168*g + 1203. Give j(17).
-1653
Let f(b) = 14*b**3 + 15*b**2 - 73*b + 285. Calculate f(5).
2045
Let d(v) = -12338*v + 49130. Determine d(4).
-222
Let u(g) = g**3 + 13*g**2 - 3370*g - 33950. Determine u(-10).
50
Let y(x) = -x**2 - 164*x + 3940. What is y(20)?
260
Let p(f) = f**3 + 63*f**2 - 162*f - 1100. Give p(-65).
980
Let b(x) = -3*x**3 + 1040*x**2 + 1271*x + 42111. Calculate b(348).
3
Let o(u) = -u**3 + 145*u**2 + 293*u + 15. Determine o(147).
-132
Let m(r) = -r**3 - 8*r**2 - 73*r + 184. What is m(0)?
184
Let q(f) = -f**3 - 9*f**2 + 150*f + 164. What is q(11)?
-606
Let u(a) = 56749*a + 1305218. What is u(-23)?
-9
Let k(h) = -h**2 - 13340*h - 226495. What is k(-17)?
-4
Let b(h) = -2*h**3 + 37*h**2 + 37*h + 315. Calculate b(19).
657
Let w(c) = -2*c**3 - 36*c**2 - 165*c - 222. Determine w(-12).
30
Let p(f) = f**3 - 51*f**2 - 644*f + 51. Give p(-11).
-367
Let k(f) = 139*f**3 + 18*f**2 + 59*f + 4. Calculate k(0).
4
Let w(h) = h**3 - 27*h**2 - 71*h + 1324. Calculate w(16).
-2628
Let o(q) = 718512*q - 3592567. Calculate o(5).
-7
Let q(v) = -29444*v + 559564. Determine q(19).
128
Let y(n) = n**2 - 1565*n - 1451237. Calculate y(-654).
-11
Let l(x) = 41*x**2 - 1920*x + 5101. Calculate l(44).
-3
Let j(p) = -p**3 - 66*p**2 - 134*p - 69. Give j(-64).
315
Let n(c) = 894*c - 85932. Give n(96).
-108
Let u(f) = 15700*f - 93919. Calculate u(6).
281
Let p(l) = l**3 - 12*l**2 + 224*l - 865. Determine p(6).
263
Let t(j) = -12058*j - 120564. Give t(-10).
16
Let v(m) = -1726*m - 7267. What is v(-6)?
3089
Let v(u) = -u**3 + 46*u**2 - 447*u + 10. Calculate v(14).
24
Let v(p) = -22*p**2 - 145*p - 955. Calculate v(-9).
-1432
Let l(q) = q**3 - 147*q**2 - 10090*q + 1505102. Calculate l(145).
2
Let r(z) = -8*z**2 + 105*z + 38. Determine r(9).
335
Let s(z) = 23*z + 7525. Give s(-326).
27
Let i(s) = -565*s + 94864. Calculate i(168).
-56
Let q(w) = -425*w + 37085. Calculate q(87).
110
Let g(z) = -1804656*z - 37897794. Determine g(-21).
-18
Let v(p) = -4*p**2 + 8837*p - 114249. Calculate v(13).
-44
Let n(l) = 5*l**2 + 809*l + 18744. Give n(-28).
12
Let s(k) = -2376*k - 133996. Determine s(-56).
-940
Let x(z) = -15*z**2 + 16*z + 18. Give x(4).
-158
Let p(w) = w**3 - 15*w**2 + 94*w - 367. Determine p(9).
-7
Let v(r) = -